 52021 a prime number?
True
Is 781 a prime number?
False
Is 2233531 a composite number?
False
Is 222961 a composite number?
True
Is 3229 prime?
True
Is 138071 prime?
True
Is 31927 a composite number?
True
Is 95857 a composite number?
False
Is 47339 composite?
False
Is 321 composite?
True
Is 43853 composite?
False
Is 107013 composite?
True
Is 638513 a prime number?
False
Is 8263 composite?
False
Is 423977 a prime number?
True
Is 142193 a composite number?
False
Is 461791 composite?
True
Is 446 a prime number?
False
Is 180737 a composite number?
True
Is 35983 prime?
True
Is 108343 prime?
True
Is 19103 a prime number?
False
Is 5515 a prime number?
False
Is 1814621 composite?
True
Is 35219 composite?
True
Is 968021 composite?
False
Is 305093 prime?
True
Is 558973 a prime number?
True
Is 8887 composite?
False
Is 2796737 composite?
False
Is 6891383 a composite number?
False
Is 79531 prime?
True
Is 2359 prime?
False
Is 191741 a composite number?
True
Is 40331 prime?
False
Is 19263 a prime number?
False
Is 3831 a prime number?
False
Is 335761 a composite number?
True
Is 433367 prime?
False
Is 6077 a composite number?
True
Is 25031 composite?
False
Is 108067 composite?
True
Is 239 a prime number?
True
Is 80459 composite?
True
Is 8899 composite?
True
Is 33841 prime?
False
Is 2226959 a composite number?
True
Is 81633 composite?
True
Is 31303 a prime number?
False
Is 186814 prime?
False
Is 66973 prime?
True
Is 1163 composite?
False
Is 366547 a composite number?
False
Is 19919 prime?
True
Is 631 composite?
False
Is 828059 a composite number?
False
Is 41651 prime?
True
Is 164357 a composite number?
False
Is 4487 prime?
False
Is 7773 a prime number?
False
Is 571933 a composite number?
False
Is 28211 composite?
False
Is 140323 a prime number?
False
Is 344621 composite?
False
Is 218731 a prime number?
False
Is 928385 a prime number?
False
Is 379 a prime number?
True
Is 40073 a composite number?
True
Is 12365 composite?
True
Is 6065 prime?
False
Is 19199 a prime number?
False
Is 1309571 a composite number?
False
Is 7027 a prime number?
True
Is 929 composite?
False
Is 35709 prime?
False
Is 760759 a composite number?
False
Is 79243 a prime number?
False
Is 844381 composite?
True
Is 56607 composite?
True
Is 28871 prime?
True
Is 1637215 a prime number?
False
Is 778307 prime?
True
Is 311 composite?
False
Is 1385 a prime number?
False
Is 3491 a composite number?
False
Is 261277 composite?
True
Is 5431 a composite number?
False
Is 18371 a composite number?
False
Is 31013 composite?
False
Is 5539 a composite number?
True
Is 16138 prime?
False
Is 2426 prime?
False
Is 1581829 composite?
False
Is 28019 a prime number?
True
Is 21963 a composite number?
True
Is 230674 prime?
False
Is 66835 a prime number?
False
Is 12842 prime?
False
Is 252353 composite?
True
Is 2153 a prime number?
True
Is 60887 prime?
True
Is 202309 composite?
False
Is 32587 prime?
True
Is 493509 composite?
True
Is 636983 a prime number?
True
Is 9649 a composite number?
False
Is 697049 prime?
True
Is 133843 prime?
True
Is 243299 composite?
True
Is 96401 a prime number?
True
Is 9127 a prime number?
True
Is 1123145 a prime number?
False
Is 73517 a composite number?
False
Is 95369 composite?
False
Is 258413 a prime number?
True
Is 103423 a composite number?
False
Is 120011 composite?
False
Is 937571 prime?
True
Is 385351 prime?
True
Is 142685 a composite number?
True
Is 4289 composite?
False
Is 1847 a composite number?
False
Is 6887 composite?
True
Is 1401 composite?
True
Is 64433 prime?
True
Is 9941 a prime number?
True
Is 1361 prime?
True
Is 517 composite?
True
Is 10517 a prime number?
False
Is 9509 a composite number?
True
Is 7607 composite?
False
Is 28751 a composite number?
False
Is 412409 prime?
False
Is 7817 a composite number?
False
Is 18053 a prime number?
False
Is 863983 a prime number?
True
Is 128621 composite?
False
Is 317 a composite number?
False
Is 164173 a prime number?
True
Is 9397 a prime number?
True
Is 25057 prime?
True
Is 212167 prime?
True
Is 1031 a prime number?
True
Is 21269 a prime number?
True
Is 26899 a composite number?
True
Is 319 prime?
False
Is 153247 a prime number?
True
Is 6469 a composite number?
False
Is 182753 composite?
True
Is 14699 composite?
False
Is 206837 a prime number?
False
Is 20593 a composite number?
False
Is 1805039 a prime number?
True
Is 6167 a composite number?
True
Is 86453 a prime number?
True
Is 306749 prime?
True
Is 75902 a prime number?
False
Is 637573 a prime number?
True
Is 2921 prime?
False
Is 60757 a prime number?
True
Is 779081 a prime number?
True
Is 1861 a composite number?
False
Is 143 a prime number?
False
Is 1817 a prime number?
False
Is 6469 prime?
True
Is 171485 a composite number?
True
Is 206749 prime?
True
Is 19163 prime?
True
Is 79043 a prime number?
True
Is 6883 a composite number?
False
Is 32989 a composite number?
True
Is 50509 a composite number?
True
Is 59669 a prime number?
True
Is 52999 a composite number?
False
Is 47093 prime?
True
Is 26903 a composite number?
False
Is 142567 a prime number?
True
Is 59941 a prime number?
False
Is 1162039 a composite number?
True
Is 13391 a composite number?
True
Is 30729 a prime number?
False
Is 90379 a composite number?
False
Is 433363 a composite number?
True
Is 135851 a composite number?
False
Is 272927 prime?
True
Is 3319 a prime number?
True
Is 49757 a composite number?
False
Is 27329 prime?
True
Is 152687 composite?
True
Is 2031 a composite number?
True
Is 62401 prime?
True
Is 10487 a composite number?
False
Is 45481 a composite number?
False
Is 331 a composite number?
False
Is 26573 a composite number?
False
Is 77339 prime?
True
Is 31643 composite?
False
Is 3733 composite?
False
Is 115657 a composite number?
False
Is 571661 a composite number?
True
Is 154777 a prime number?
False
Is 18433 composite?
False
Is 1443839 composite?
False
Is 331753 a composite number?
False
Is 1249999 a composite number?
False
Is 373153 prime?
False
Is 265381 a composite number?
False
Is 208583 a composite number?
True
Is 9173 a prime number?
True
Is 689 a composite number?
True
Is 358571 composite?
False
Is 16279 a prime number?
False
Is 56983 a composite number?
False
Is 1661357 a prime number?
False
Is 473191 a prime number?
True
Is 7151 a composite number?
False
Is 110771 prime?
True
Is 13063 a prime number?
True
Is 8923 composite?
False
Is 4546 a composite number?
True
Is 476383 prime?
False
Is 1541 a composite number?
True
Is 457163 composite?
True
Is 435763 a composite number?
False
Is 13349 prime?
False
Is 42505 a prime number?
False
Is 1367 composite?
False
Is 20393 composite?
False
Is 21253 prime?
False
Is 35331 a composite number?
True
Is 2411 a prime number?
True
Is 48463 a prime number?
True
Is 1367 a prime number?
True
Is 503662 composite?
True
Is 38149 prime?
True
Is 7963 a prime number?
True
Is 46321 prime?
False
Is 34681 a prime number?
False
Is 316879 a prime number?
True
Is 128789 composite?
True
Is 46649 a prime number?
True
Is 151033 composite?
True
Is 3233 prime?
False
Is 5663 prime?
False
Is 121787 prime?
True
Is 11213 composite?
False
Is 57 a prime number?
False
Is 6121 composite?
False
Is 1134031 a prime number?
True
Is 45743 a composite number?
True
Is 44947 composite?
True
Is 74839 a prime number?
False
Is 42049 a prime number?
False
Is 111 a composite number?
True
Is 2350133 prime?
False
Is 124835 prime?
False
Is 11821 a prime number?
True
Is 7639 a prime number?
True
Is 8411 a prime number?
False
Is 104827 a composite number?
False
Is 718 a prime number?
False
Is 13001 composite?
False
Is 898063 prime?
True
Is 15501 prime?
False
Is 105569 a composite number?
True
Is 57217 composite?
True
Is 95839 a composite number?
True
Is 90187 prime?
True
Is 147509 a prime number?
False
Is 2503 prime?
True
Is 1400627 composite?
False
Is 4449 a prime number?
False
Is 79181 composite?
False
Is 6469 a composite number?
False
Is 4703 a prime number?
True
Is 60817 composite?
True
Is 17609 a composite number?
False
Is 292063 prime?
False
Is 128143 a prime number?
False
Is 1224739 composite?
False
Is 8653 prime?
False
Is 1195 a prime number?
False
Is 27361 a composite number?
False
Is 91769 a composite number?
True
Is 187531 a prime number?
True
Is 90879 a composite number?
True
Is 111029 prime?
True
